 13. Suppose -5*i - 5 = 2*c, -3*c + 5*c + i - 7 = 0. Calculate h(c).
-22
Let n(w) = -w**2 + 4*w - 4. Let i(v) = v + 7. Let t be i(-3). Suppose 3*j + 3 = 0, 49 = -t*a + j + 2*j. Let h = a - -17. Calculate n(h).
-4
Let a(f) = 3*f + 2. Let i be 49/(-14)*((-12)/(-7) + 0). Calculate a(i).
-16
Let n(b) be the third derivative of 1/2*b**3 + 0*b + 1/6*b**4 + 1/60*b**5 + 0 - b**2. Let l(p) = p**3 - 5*p**2 - 3*p + 10. Let t be l(5). Determine n(t).
8
Let j be 4/(-14) - 260/70. Let m(u) be the second derivative of -u**5/20 - u**4/6 + 2*u**3/3 - 3*u**2/2 - 14*u + 2. Give m(j).
13
Suppose 3*h = -20*h + 69. Let g(o) = -o**3 - o**2 + 1. Determine g(h).
-35
Let u(z) = 5*z**3 - 6*z**2 + 5*z + 1. Suppose 11 = -4*k - 5, -5*c + 5*k - 15 = 0. Let a(v) = -6*v**3 + 6*v**2 - 6*v - 2. Let d(b) = c*u(b) - 6*a(b). Give d(-6).
-1
Let b(o) = o**2 - 51*o + 35. Let v be b(50). Let f(k) = k**3 + 16*k**2 + 14*k - 8. Give f(v).
7
Let j(v) be the second derivative of -5*v**3/6 + 2*v**2 + 102*v. What is j(4)?
-16
Let b(x) be the first derivative of -x**4/4 - 11*x**3/3 - 5*x**2 + 11*x - 190. What is b(-10)?
11
Suppose -2*s = s - 6. Let c(h) = 5*h**2 - 3*h**s - 7 - 2*h**2 - 5*h**2 + h**3 + 3*h. Let v(g) = 4*g**2 + 4*g - 3. Let r be v(1). Give c(r).
8
Let s(p) = 3*p + 5. Let q = 131 - 128. Let u(f) be the third derivative of -f**4/24 - f**3/2 + f**2. Let x(g) = q*s(g) + 5*u(g). Determine x(-1).
-4
Let m be ((-3)/6)/((2/(-4))/(-1)). Let f(s) = -2*s**2 - s. Calculate f(m).
-1
Let d(r) be the second derivative of r**4/12 - r**3/2 + 3*r**2/2 + 5*r. Suppose 3 = 3*t - 2*t. Give d(t).
3
Let a(z) = -14*z - 16*z + 5 + 58*z - 15*z - 12*z. Calculate a(2).
7
Let d be -3 + 1/(-2) + (-36)/8. Let l(z) = z**2 + 4*z - 19. Calculate l(d).
13
Let y = -12 + 16. Suppose 0 = 3*c + c - y. Let a(o) = 9*o**2 - 7*o**2 + 8*o**2. Determine a(c).
10
Suppose 3*x = -5*h + 26, 10*h - 11*h = x - 6. Let m(u) be the first derivative of -7*u**2/2 - u + 1. Calculate m(x).
-15
Let i(y) = y**3 - 4*y**2 - 4*y - 5. Let a = -9 - 5. Let b = -9 - a. Suppose b*v + 17 = 42. Determine i(v).
0
Let k(q) = -80*q + 42. Let c(z) = 37*z - 20. Let t(f) = -13*c(f) - 6*k(f). What is t(6)?
2
Suppose 9*b = 13*b - 44. Let u(f) = -f**3 + 11*f**2 - 2. Give u(b).
-2
Let x(w) = 7*w - 4. Let b(u) = -u + 1. Let d(n) = 6*b(n) + 2*x(n). Give d(1).
6
Suppose f - l - 2*l - 3 = 0, 5*f - 4*l + 7 = 0. Let j(x) = x**3 + 4*x**2 + x + 4. Calculate j(f).
10
Suppose 3*b = -3*m - 15, 3*m - 8*b + 25 = -13*b. Let s(f) = -f**3 + f**2 + f - 18. Calculate s(m).
-18
Let h(j) = 13*j - 3. Let w(l) = 74*l - 18. Let o(q) = 34*h(q) - 6*w(q). What is o(4)?
-2
Let q be -16 + 11 - ((-4)/(-18) + 4/(-18)). Let b(z) be the third derivative of z**6/120 + z**5/15 - 5*z**4/24 + 7*z**3/6 + 3*z**2. Give b(q).
7
Let i(b) = -b**3 - 6*b**2 - 2*b + 6. Let m(q) = -4*q + 47. Let c be m(13). Determine i(c).
-9
Let c(q) = 2*q**2 - 2. Let p(x) = 9*x**2 + 2*x - 12. Let u(o) = -4*c(o) + p(o). Determine u(-3).
-1
Let j(p) = -p**2 + 7*p + 4. Suppose 2*x - 8 = -3*n + 2*n, 4*n + x = 18. What is j(n)?
16
Let y(z) = -z**2 - 6*z - 2. Suppose -21 = m - 16. Calculate y(m).
3
Suppose 2*n + 68 = 82. Let g(d) = 5*d - 10. Give g(n).
25
Let t(v) = -v**2 + 5*v - 6. Let c be 2 + -3 + -4 + 9. Suppose 0 = -3*m + c*x - 5, -5*m + 2*x + 1 = -0. Let z be 5 - m*(1 + -1). What is t(z)?
-6
Let m(y) = 13*y - 94. Let o be m(7). Let k(g) = g**2 - g - 4. Determine k(o).
8
Let f(q) = 4 - 3 - 2 - 3 - 3*q. Let s(u) = -13*u**3. Let v be s(-1). Let k = v + -16. Give f(k).
5
Let i(a) = a**2 - 3*a + 3. Let c be i(3). Suppose 3*n - 3*h = -0*n, -c*h = -2*n - 1. Let t(j) = 19*j**2 - 1. Calculate t(n).
18
Let j(a) = -2 + 3 + 6*a - 2. Suppose 5*k + 2*g - 47 = -0*k, k - g - 15 = 0. Suppose -2*f + 9 - k = 0. Determine j(f).
-7
Let b(c) be the second derivative of -c**6/360 + c**5/15 - c**4/4 + 35*c**3/6 - 23*c. Let v(u) be the second derivative of b(u). What is v(6)?
6
Let a(t) = t. Let k = 13 - 12. Let l(u) = -u**2 + u. Let m be l(k). Let c = 0 - m. Give a(c).
0
Let o be ((-1)/(-2) + -2)*2. Let x(k) = -2*k + 1. What is x(o)?
7
Let j = 3 + -6. Let f = 6 + j. Let h(d) = 2 - 2 + d + d. What is h(f)?
6
Suppose 0 = -3*n + 2*n - 5*v + 17, 5*n = -v - 11. Let p(h) be the second derivative of -h**3 - h**2/2 + 70*h. Give p(n).
17
Let p(o) = -o**3 - 3*o**2 + 3*o + 1. Suppose 4*s = -3*r - 8, -3*s + 4*r - 6 = -0*s. Let c be 2*s/4*3. Determine p(c).
-8
Let h(u) = -u**2 + 4*u**2 + u**3 + 2*u + u + 3. Let z(q) = -q**2 + q - 1. Suppose -2*y = 3*m - m + 4, 4*m = -y - 5. Let n(t) = m*h(t) - z(t). What is n(-2)?
6
Let h(j) = 29*j + 33*j - 90*j - j**2 + 32*j. Determine h(5).
-5
Suppose 10*x = 23*x + 65. Let s(n) = n**2 + 5*n. Give s(x).
0
Let m(i) be the third derivative of -i**6/60 + 2*i**5/15 - 5*i**4/24 + i**3/3 - 759*i**2. What is m(3)?
5
Let v(b) = -63*b - 7*b**2 - b**3 - 3 + 73*b + 5 + 7. Let f(j) = -j**3 - 5*j**2 + 3*j + 7. Let w be f(-5). Calculate v(w).
-7
Let p = 4 - 2. Suppose 2*y + 3*y - 14 = -3*t, p*y = 5*t + 18. Let j(k) = -k**3 - 3*k**2 - 4*k - 2. What is j(t)?
2
Let v = 10 - 18. Let c(m) = -8*m - 40. Let u(j) = 31*j + 155. Let r(l) = -23*c(l) - 6*u(l). Give r(v).
6
Let f(n) = -3*n**2 + 2*n - 1. Let k = -1209 - -1210. Give f(k).
-2
Let v(p) be the first derivative of -p**5/60 + 7*p**4/24 - 7*p**3/6 + 9*p**2 - 2*p - 52. Let k(f) be the second derivative of v(f). What is k(6)?
-1
Let j(n) = n**3 + 8*n**2 + 6*n - 6. Let a be j(-6). Suppose 3*r - a = 5*r. Let m be (-17)/(-3) + (-5)/r. Let v(o) = o**3 - 5*o**2 - 4*o + 1. What is v(m)?
13
Suppose 4*z = -2*a + 18, -2*a + 0*z + 17 = 3*z. Let s(t) = -499 - 4*t**2 + 502 + a*t + 5*t**2 + 0*t**2. Determine s(-7).
3
Let o = -93 + 95. Let f(m) be the third derivative of m**o + 0*m + 1/6*m**3 + 1/12*m**4 + 0. What is f(2)?
5
Suppose 6 = s + 2*s. Suppose -4*k = -4*l, 3*k = s*l - l + 6. Let m be 0/(k/3*-1). Let t(f) = -f**3 - f - 7. What is t(m)?
-7
Suppose 2*w = 4*d - 3*w - 44, -2*d - 5*w - 8 = 0. Let a(x) = -3 - 1 + 4 - 2*x**2 + 6 - d*x. What is a(-5)?
-14
Let q be 1*(-4)/6*3. Let y(n) = 3 + 7*n - 9*n - 7*n + 10*n. What is y(q)?
1
Let n(m) be the first derivative of m**3/3 + m**2/2 - 35. What is n(2)?
6
Suppose 0*c - w + 44 = 2*c, -56 = -3*c + w. Let o be (4 - 20/8)*c/6. Let h(n) = -n + 3. Determine h(o).
-2
Let p = 21 + -19. Let w(n) = n - 7 + n**p - 7 + 9. Give w(0).
-5
Let m(g) be the second derivative of 13*g**5/60 - g**3/6 + g**2 + 5*g. Let h(t) be the first derivative of m(t). Calculate h(1).
12
Let j(u) = -2*u**3 + 3*u**2 - 2. Let a(h) be the third derivative of h**6/120 + h**5/60 - 5*h**4/24 - 2*h**3/3 + 39*h**2. Let p be a(-2). Calculate j(p).
-6
Suppose 49*w + 23 = 5*z + 45*w, 4*z = 2*w + 16. Let s(h) be the first derivative of 3/2*h**2 + z*h + 10. Calculate s(-3).
-6
Let h(c) = -3*c. Suppose d + 12 - 17 = 0. Suppose -d*j = -0*j - 15. Let u = j - 1. Give h(u).
-6
Let i(q) = 4*q. Let m = -1 + 6. Suppose -4*v - m = -25. Calculate i(v).
20
Let j(a) = -3*a**3 - 9*a**2 - 4*a - 10. Let s be j(-6). Let n(g) = s*g - 321*g + 0 - 1. Give n(-1).
-18
Let n(i) = 6*i + 5. Let p(x) = x + 2. Let q = 20 - 19. Let u(k) = q*p(k) - n(k). What is u(-6)?
27
Let d be (-1 - -2) + (8 - 4). Let k(o) = -o**2 + 7*o - 4. Let w be k(d). Let x(y) = y - 5. Give x(w).
1
Let k = 1480 - 1468. Let c(p) = -p**2 + 10*p + 15. Determine c(k).
-9
Let y be -1 + 4 + (-156)/52. Let k(f) = -f**3 + f - 8. Determine k(y).
-8
Let q(u) be the second derivative of -u**5/20 - 3*u**4/2 + u**3/6 + 19*u**2/2 - 36*u + 2. Determine q(-18).
1
Let m(w) = -w**3 - 4*w**2 - 2*w - 5. Let i be m(-4). Let v be 4/((2/5)/(4/20)). Let u(z) = -1 - i*z + 3*z**v + 2*z**2 - 4*z**2. What is u(3)?
-1
Let p(h) = 5*h. Let m be 3/(-12) + 2008/(-32). Let n = m + 64. What is p(n)?
5
Let k(v) be the third derivative of -v**6/120 - v**5/10 - v**4/24 - 4*v**3/3 - 2*v**2 + 19. Calculate k(-6).
-2
Let r(v) = v**3 + 6*v**2 - 3*v - 9. Suppose d + 5*d = -36. Determine r(d).
9
Let m(x) = 8*x + 5. Suppose -12*u - 52 = u. Determine m(u).
-27
Let w(f) be the first derivative of 4*f**3/3 - 5*f**2 - f - 17. Let d = 3 - 8. Let r(h) = -3*h**2 + 7*h + 1. Let v(k) = d*w(k) - 7*r(k). Determine v(-2).
0
Let w(h) = -6*h**3 - h**2 - h - 1. Let g(y) = y**3 - 13*y**2 - 1. Let a be g(13). Give w(a).
5
Let y(f) = f**3 + 4*f**2 - 5*f + 3. Suppose -v - j + 6 = 0, -22 = -3*v + 5*j - 10*j. Sup